 common divisor of 18 and 23337?
9
Calculate the greatest common divisor of 195 and 2151591.
39
Calculate the highest common factor of 1015 and 1805.
5
What is the greatest common divisor of 251 and 218119?
251
Calculate the highest common divisor of 3 and 41133.
3
Calculate the highest common divisor of 29593 and 6565.
101
What is the greatest common divisor of 44116 and 1883?
269
What is the greatest common divisor of 247573 and 58?
29
What is the highest common divisor of 15008 and 44352?
224
Calculate the greatest common factor of 450 and 819300.
150
Calculate the highest common factor of 1076881 and 26.
13
Calculate the greatest common factor of 2804 and 1516.
4
Calculate the greatest common factor of 156786 and 6.
6
What is the highest common divisor of 10266 and 62988?
174
What is the highest common divisor of 4760 and 42024?
136
What is the highest common divisor of 3809 and 975?
13
Calculate the highest common factor of 173441 and 92594.
691
Calculate the greatest common factor of 201957 and 59.
59
What is the greatest common factor of 6 and 96834?
6
Calculate the highest common factor of 1518 and 1023.
33
Calculate the greatest common divisor of 1088 and 22712.
136
Calculate the highest common factor of 25925 and 83997.
1037
Calculate the greatest common factor of 1624838 and 508.
254
Calculate the greatest common factor of 1530 and 34731.
153
Calculate the highest common divisor of 15545 and 20.
5
Calculate the greatest common factor of 94578 and 5214.
66
Calculate the highest common factor of 482537 and 121.
11
Calculate the highest common factor of 13 and 1569.
1
Calculate the greatest common divisor of 3654 and 13902.
42
Calculate the greatest common divisor of 452567 and 53.
53
What is the highest common divisor of 25760 and 4025?
805
Calculate the greatest common factor of 1475 and 9440.
295
What is the highest common divisor of 189 and 1421?
7
What is the highest common divisor of 113 and 1692175?
113
What is the highest common factor of 13320 and 51840?
360
What is the highest common divisor of 4845 and 2160?
15
What is the greatest common factor of 915 and 3904?
61
What is the greatest common factor of 20547 and 432?
27
What is the highest common factor of 1668 and 2844?
12
Calculate the greatest common factor of 17600 and 283008.
704
What is the greatest common factor of 77760 and 1040?
80
What is the greatest common factor of 19110 and 13065?
195
What is the highest common divisor of 2873643 and 207?
69
What is the highest common factor of 328 and 42886?
82
Calculate the greatest common divisor of 1851 and 27.
3
Calculate the greatest common divisor of 51 and 8517.
51
Calculate the greatest common factor of 5612 and 108.
4
Calculate the greatest common factor of 575 and 14425.
25
What is the highest common divisor of 4644 and 3523248?
1548
What is the greatest common factor of 1953530 and 10?
10
Calculate the highest common factor of 12224 and 1031400.
1528
What is the greatest common divisor of 4296 and 582?
6
What is the highest common factor of 45 and 12460680?
45
Calculate the highest common factor of 224 and 61968.
16
Calculate the greatest common factor of 18403 and 770.
77
Calculate the highest common factor of 36894 and 825.
33
What is the highest common divisor of 23883 and 3819?
57
Calculate the highest common factor of 298050 and 225.
75
What is the highest common divisor of 50 and 13040?
10
Calculate the highest common divisor of 21 and 609749.
7
What is the greatest common divisor of 1471695 and 15?
15
Calculate the highest common factor of 32 and 928864.
32
Calculate the highest common divisor of 405276 and 12.
12
Calculate the highest common divisor of 1078 and 297.
11
What is the greatest common factor of 6232 and 19639?
41
Calculate the highest common factor of 1956 and 44499.
489
What is the greatest common divisor of 108304 and 128?
16
What is the highest common factor of 68323 and 17?
17
What is the greatest common factor of 26 and 64?
2
Calculate the greatest common factor of 2740 and 140.
20
What is the greatest common divisor of 26 and 2513550?
26
Calculate the greatest common divisor of 16740 and 864.
108
Calculate the greatest common divisor of 8 and 189461.
1
Calculate the highest common factor of 208614 and 3318.
42
What is the highest common divisor of 1147 and 370?
37
Calculate the greatest common factor of 387 and 236925.
9
What is the highest common divisor of 7956388 and 22?
22
What is the highest common divisor of 21627 and 445?
89
Calculate the highest common divisor of 121650 and 4950.
150
Calculate the highest common divisor of 27136 and 416.
32
What is the greatest common divisor of 147 and 38661?
147
What is the highest common factor of 7 and 106078?
7
What is the greatest common factor of 6171 and 374?
187
Calculate the highest common factor of 116713 and 254.
127
What is the greatest common divisor of 511794 and 162?
18
What is the highest common divisor of 16 and 2170?
2
Calculate the greatest common factor of 228721 and 14564.
331
Calculate the greatest common divisor of 7280 and 1170.
130
Calculate the highest common factor of 80 and 16464.
16
What is the highest common factor of 183970 and 10?
10
Calculate the greatest common factor of 1242 and 4462.
46
Calculate the highest common factor of 42082 and 1961.
53
What is the greatest common divisor of 19916 and 156?
52
What is the highest common factor of 363 and 2541847?
121
Calculate the highest common factor of 456 and 84379.
19
What is the greatest common divisor of 16 and 5968?
16
What is the greatest common factor of 2256 and 9165?
141
What is the highest common factor of 691889 and 11?
11
What is the highest common divisor of 616 and 19922?
14
What is the greatest common factor of 426 and 6603?
213
Calculate the greatest common factor of 703304 and 661.
661
What is the highest common factor of 112 and 64036?
28
Calculate the greatest common divisor of 133530 and 790.
10
Calculate the greatest common divisor of 532 and 301606.
38
What is the highest common divisor of 40 and 58595?
5
What is the greatest common factor of 76 and 297236?
76
What is the greatest common divisor of 58604 and 184?
92
What is the highest common factor of 7181 and 1002?
167
Calculate the greatest common factor of 7 and 3850.
7
What is the greatest common divisor of 5145 and 1813?
49
Calculate the highest common factor of 22999 and 1477.
211
What is the highest common divisor of 551 and 1311?
19
What is the highest common factor of 3780 and 248535?
945
Calculate the highest common divisor of 413 and 14.
7
Calculate the greatest common divisor of 534 and 53934.
534
Calculate the highest common divisor of 1044 and 9048.
348
Calculate the greatest common divisor of 67818 and 801.
267
What is the highest common factor of 700 and 18600?
100
What is the greatest common divisor of 13346 and 18?
2
Calculate the highest common factor of 28260 and 40.
20
Calculate the highest common factor of 56 and 128488.
8
What is the greatest common divisor of 1280 and 42752?
256
What is the highest common divisor of 274 and 2278447?
137
What is the greatest common factor of 676403 and 91?
91
Calculate the highest common factor of 447216 and 242.
242
Calculate the greatest common factor of 236119 and 82.
41
Calculate the highest common factor of 162 and 680643.
81
What is the greatest common factor of 37281 and 14161?
289
Calculate the highest common divisor of 21777 and 421449.
1281
Calculate the highest common factor of 90284 and 4.
4
What is the highest common divisor of 2736 and 95?
19
Calculate the greatest common divisor of 28210 and 5890.
310
Calculate the highest common factor of 3156 and 3654.
6
Calculate the greatest common factor of 17966 and 9178.
26
What is the greatest common factor of 116 and 879889?
29
What is the greatest common factor of 17204 and 176?
44
What is the greatest common divisor of 474 and 222069?
237
Calculate the highest common factor of 4 and 25857.
1
Calculate the highest common divisor of 1840 and 23280.
80
Calculate the greatest common factor of 819 and 12467.
91
What is the greatest common factor of 46878 and 1170?
78
Calculate the greatest common divisor of 3853043 and 191.
191
What is the highest common divisor of 296 and 3367?
37
C